
6
Suppose 0 = -4*l + 64 + 48. Let g = -13 + l. What is the remainder when g is divided by 6?
3
Suppose 4*q + 135 = -q. Let u = q + 51. Let c = u + 1. What is the remainder when 49 is divided by c?
24
Let x be 10/4 - 1/2. Suppose 4*d - 6*h = -x*h + 68, 63 = 4*d + h. Suppose 0 = -3*y, 0 = n + 4*n - 2*y - 45. Calculate the remainder when d is divided by n.
7
Let z = -75 + 136. What is the remainder when z is divided by 21?
19
Let g(v) = v**3 - 4*v + 37. What is the remainder when g(0) is divided by 8?
5
Suppose -7*n + 116 = -3*n. What is the remainder when n is divided by 8?
5
Let i(v) = -10*v - 3. Let f be i(-2). Suppose -f - 19 = -3*u. Let o(k) = 12*k**2 + 2*k + 3. Calculate the remainder when o(-2) is divided by u.
11
Suppose 23*s - 38 = 21*s. What is the remainder when s is divided by (22/8)/((-2)/(-8))?
8
Let r = 2 + 2. Suppose -x - 8 = -2*q - 3*x, -r*x + 1 = -q. Calculate the remainder when 5 is divided by q.
2
Calculate the remainder when 34 is divided by (1 + 3 - 4) + 12.
10
Let f(d) = -3*d**2 - 7*d + 1. Let v(m) = -4*m**2 - 8*m + 1. Let i(c) = 5*f(c) - 4*v(c). What is the remainder when 13 is divided by i(4)?
3
Suppose -4*j - 2*z + 4 = 0, -5*j + z = -3*j - 2. Suppose m + j - 3 = 0, 0 = 3*a + 2*m + 50. Calculate the remainder when (-346)/a + 4/(-18) is divided by 7.
5
Let o = -532 + 766. What is the remainder when 43 is divided by o/16 - 15/(-40)?
13
Suppose -5*m + 5*b + 210 = 0, 4*m - b = 8*m - 173. What is the remainder when m is divided by 11?
10
Suppose 4*v + 5*o = 51, -3*v + 26 + 16 = 5*o. Let a = 21 - v. What is the remainder when 23*(-2)/10*-5 is divided by a?
11
Let c(i) be the first derivative of 3*i**3 + i + 1/4*i**4 + 4*i**2 + 2. What is the remainder when c(-7) is divided by 15?
13
Suppose -60 = -5*n + 55. What is the remainder when 44 is divided by n?
21
Let j(o) = -o + 9. Let m be j(9). Suppose m*q = q - 22. Suppose -32 = -p - 3*p. Calculate the remainder when q is divided by p.
6
Let f = 4 - -15. Suppose y = -3*y + 5*m + 38, -2*y = 2*m - 10. Calculate the remainder when f is divided by y.
5
Let c = 39 + -19. Calculate the remainder when 37 is divided by c.
17
Suppose -78 = -0*x - 6*x. What is the remainder when 37 is divided by x?
11
Let h be (-4 - -7)/((-3)/(-20)). Suppose 5 + h = m. Suppose 0 = -2*w - 3*f + m, 2*w - 2*f - 35 = -3*f. What is the remainder when w is divided by 11?
9
Suppose -2*n - 5*s - 14 = 0, 0 = -4*n - 0*s - s + 8. Let u be (3/(-6))/((-4)/8). What is the remainder when u - -3 - (2 - 2) is divided by n?
1
Let n = 1 - -84. What is the remainder when n is divided by ((-33)/(-9))/((-1)/(-6))?
19
Let p(m) = -m**3 + 4*m**2 - m + 1. Let f be p(4). Let h = f + 3. Suppose -d - 4*i = -10, h*d + 4*d - 79 = -3*i. What is the remainder when d is divided by 8?
6
Suppose 4*v + 158 = 3*s, -4*v - v + 67 = 2*s. Let l = -3 + s. Suppose -81 + 21 = -4*z. Calculate the remainder when l is divided by z.
13
Suppose 0*f = -20*f + 100. What is the remainder when 5 is divided by f?
0
Let m = 4 - 2. Let q(a) = a + 2. Suppose 11 = 5*d - 4*d. What is the remainder when d is divided by q(m)?
3
Let p = 75 + -54. Calculate the remainder when 124 is divided by p.
19
Let a(w) = -w**2 + 14*w - 18. What is the remainder when a(7) is divided by 16?
15
Let t(l) = l**3 + l**2 + l + 4. Let p be t(0). Suppose -p*q - 30 = -9*q. What is the remainder when 11 is divided by q?
5
Let d(s) = 5*s - 3. Let b be d(-6). What is the remainder when (-1)/2 - (-29)/2 is divided by 154/b*(-12)/7?
6
Let p be (-156)/16 - 2/8. Let u = 27 + -11. Let l = u + p. What is the remainder when 10 is divided by l?
4
Let y = 3 - -9. Calculate the remainder when 92 is divided by y.
8
Suppose 3*s + 1 - 13 = 0. Suppose 0 = -4*z + 3*n + 47, 0*z - 28 = -z + s*n. Calculate the remainder when 23 is divided by z.
7
Let i = 6 + 18. Let l = -176 - -189. What is the remainder when i is divided by l?
11
Let a(p) = -11*p - 12. What is the remainder when a(-15) is divided by 39?
36
Let p(c) = c**2 - c + 3. Let i be p(7). Suppose 3*k = -3*w + i, 3*w - 62 = -4*k + w. Calculate the remainder when k is divided by 6.
4
Let a be (-1 + 2)*(-10 - 0). Let u be a/(-3 + 1/1). Suppose -5*d - k + 0*k = -25, u = d - 5*k. Calculate the remainder when 9 is divided by d.
4
Let q(f) = -11 + 2 - 6*f**2 + 5*f**2 - 8*f. Let m(r) = 3*r**2 - 12*r + 8. Calculate the remainder when m(4) is divided by q(-6).
2
Let x = 11 - -36. Calculate the remainder when 232 is divided by x.
44
Let l = 14 + -9. What is the remainder when 17 is divided by l?
2
Let w(f) = -f**2 - f + 29. Suppose -4*j = j. Suppose -b - s + 5 = j, -3*b + 50 = -0*b - 4*s. Calculate the remainder when w(0) is divided by b.
9
Calculate the remainder when (4/7)/(26/2093) is divided by 12.
10
Let a(o) = 14*o**2 + o. Let w(l) = 19*l. What is the remainder when w(3) is divided by a(1)?
12
Suppose 5*s - 4*d = 70, -3*d + 20 = 4*s - 36. Let b(f) = 8*f**2 - 3*f + 1. Suppose 0 = 5*u - 4 - 6. Calculate the remainder when b(u) is divided by s.
13
Suppose g = 3*z - 55, 93 = 5*z - 4*g + 2*g. Let m(s) = 7*s**2 - 2*s. Calculate the remainder when z is divided by m(-1).
8
Suppose 0 = -4*v - 0*v + 20, 3*u - 19 = v. What is the remainder when (180/105)/((-4)/(-70)) is divided by u?
6
Let z(k) = 7*k**3 + 21*k**2 - 19*k. Let o(p) = -4*p**3 - 11*p**2 + 10*p. Let l(y) = -5*o(y) - 3*z(y). Calculate the remainder when l(-9) is divided by 10.
8
Let v = -8 - -8. Suppose v = -2*z - 5*d + 15, 0 = z - 4*d + 12 - 0. Suppose z = -5*a + 26 + 49. Calculate the remainder when 57 is divided by a.
12
Let n = 620 - 875. Let x be (48/30)/(2/n). Let p = -146 - x. What is the remainder when p is divided by 20?
18
Suppose 4*h + 2*p - 28 = 42, 4*h - 75 = -3*p. Calculate the remainder when h is divided by 8.
7
Let p = 70 - -23. What is the remainder when p is divided by 32?
29
Suppose 0 = -8*t + 49 + 71. Calculate the remainder when 29 is divided by t.
14
Let f(z) = -1 + 0*z - 4 + 2 + z. What is the remainder when 7 is divided by f(7)?
3
Let v be (-22)/(-6) + (-16)/24. Let g be 22/(v + (-7)/3). Suppose 11*q - g = 6*q + 4*t, 2*t = 3*q - 21. Calculate the remainder when q is divided by 6.
3
Let z(j) = 2*j**2 + 3*j - 4. Suppose 2*x - 3*q + 2*q = 5, 2*q = 2. Calculate the remainder when 67 is divided by z(x).
21
Let t(p) = 2*p**2 + 4*p - 14. Calculate the remainder when 134 is divided by t(-6).
32
Suppose 0 = -u + 5*z + 13, -8 - 14 = -3*u - 2*z. What is the remainder when 23 is divided by u?
7
Let j(q) = -4 - 5*q**2 + 4 + 4 + 3*q + q - q**3. Calculate the remainder when 46 is divided by j(-6).
14
Suppose 0 = 4*z - 4*m - 72, -z + 4*z - 2*m - 57 = 0. What is the remainder when 61 is divided by z?
19
Let b(s) = s + 13. Suppose 5*t - 3*c = 140, 0*t - 5*t + 5*c + 150 = 0. Calculate the remainder when t is divided by b(0).
12
Suppose 2*z = -2*z + 880. Suppose -z = -0*m - 4*m. Let a = -14 + 33. What is the remainder when m is divided by a?
17
Suppose 0 = 3*t - 2*t + 3, 3*t = -2*l + 25. Let y = -3 - -12. Calculate the remainder when l is divided by y.
8
Let z = -53 + 81. Let o be (20/2)/(6/(-6)). Let s = 0 - o. What is the remainder when z is divided by s?
8
Suppose -72 = -t - 3*t. Calculate the remainder when t is divided by 4.
2
Let i = 405 - 131. What is the remainder when i is divided by 46?
44
Let j = -6 + 5. What is the remainder when ((-16)/(-24))/(j/(-39)) is divided by 14?
12
Calculate the remainder when 120 - 5 - (0 + -2 - -4) is divided by 39.
35
Suppose 22*b - 24*b = -24. What is the remainder when 47 is divided by b?
11
Calculate the remainder when 40 is divided by (7 - 0)*3/1.
19
Let z(l) = l + 9. Calculate the remainder when 8 is divided by z(-4).
3
Suppose 4*u = 5*b - 255 + 50, -4*b = -4*u - 160. What is the remainder when b is divided by 6/(-18)*-75 - 2?
22
Suppose 5*d + 25 = -2*i, 2*i + 5 = -d - 0. Let y be (i + -1)/((-1)/(-6)). Let x(k) = -4*k - 3. Calculate the remainder when x(y) is divided by 11.
10
Suppose -9*s + 6*s = -75. Calculate the remainder when 12/(-1)*(-3 - 3) is divided by s.
22
Let h = 53 + -34. Suppose -5*i - h = -2*a, -3*i - 38 = -3*a - 5*i. Calculate the remainder when (-4)/18 + (-3629)/(-171) is divided by a.
9
Suppose 68 = 3*s - 2*w, 0 = 4*s + 3*w - 127 + 8. Suppose 4*f - 12 = -0, f + 1 = t. Let c = t + 5. Calculate the remainder when s is divided by c.
8
Supp